 = -2*g - 17. Let x be l(-7). What is the units digit of v(x)?
9
Let c = -6 + 10. Let q be 3/c*4 + 3. What is the units digit of (0 - 2)*(-3)/q?
1
What is the tens digit of ((-18360)/75)/(2/(-10))?
2
Let a(v) = v - 12. Let g be a(7). Let d(p) = -16*p - 7. Let x(t) = 24*t + 11. Let r(i) = -7*d(i) - 5*x(i). What is the units digit of r(g)?
4
Suppose 85*h = 78*h + 5957. What is the tens digit of h?
5
Let t = -33 + 42. What is the hundreds digit of (-4 + 2 - -5)/(t/321)?
1
Suppose -2*i - i = -4*k + 257, -k + 5*i + 77 = 0. Let b(v) = v**3 - 4*v**2 - 5*v + 4. Let y be b(5). Suppose k = y*q - 26. What is the units digit of q?
2
Let a(z) = z + 3. Let g be a(0). Suppose 0 = -g*c + 2*b + 136, 0 = 3*c + 2*b - 84 - 68. Let n = 72 - c. What is the tens digit of n?
2
Suppose 4*k = 5*p - 705, -k = -3*k - 4*p - 320. Let m = 268 + k. What is the tens digit of m?
9
Let h(g) = -20*g**2 + 25*g + 11. Let f(j) = 7*j**2 - 8*j - 4. Let x(c) = -11*f(c) - 4*h(c). What is the units digit of x(8)?
6
Suppose 5284 = 5*x - 2*d, -4*x + 2*d - 1827 = -6053. What is the hundreds digit of x?
0
Suppose -252*z - 4050 = -255*z. What is the units digit of z?
0
Suppose 0 = -r - c - 1, -4*r - 2*c = -6*c + 44. Let i = r + 35. Let h = i + -11. What is the tens digit of h?
1
Let d = -32 + -156. Let t = d + 108. Let b = 114 + t. What is the units digit of b?
4
Let w(j) = -6*j - 4. Let b(k) = k**3 - 5*k**2 - 8*k + 3. Let g be b(6). Let q = g - -4. What is the tens digit of w(q)?
2
Let i = 1139 - -176. What is the hundreds digit of i?
3
Suppose -3*b = -b - 4. Let y = -59 + 119. Suppose 0*j + j = 4*c - y, -b*c - 5*j + 8 = 0. What is the units digit of c?
4
Suppose 3*v - 91 - 34 = -2*g, g + 3*v - 67 = 0. Suppose 307 = 3*w + g. What is the units digit of w?
3
Let w(p) = -p**3 - 13*p**2 + 16*p + 22. Let o be w(-14). Let j(a) be the first derivative of -a**3/3 - 4*a**2 - 2*a - 1. What is the tens digit of j(o)?
1
Suppose 2*c - 5 = -1. Let i(a) = 17*a**3 + a**2 + 2*a - 4. Let q be i(c). Suppose 0*p + 3*z = -p + 35, -3*z = -4*p + q. What is the tens digit of p?
3
Let m(o) = 34*o**2 + 27*o + 51. What is the tens digit of m(-11)?
6
Let o be (-2)/(-5) - (-52)/(-5). Let h be (-30)/12*236/o. Suppose -k - 3*a + h = 9, 0 = 2*k - 4*a - 120. What is the units digit of k?
6
Let c(z) = -z**2 + 8*z + 1. Let y be 7 + (-2)/(-4)*2. Let l be 46/y - (-4)/16. What is the units digit of c(l)?
3
Let u = 19 + -15. Suppose 0 = u*v - 5 - 3. What is the units digit of 1*v*85/10?
7
Let t be (-4)/2 + (-20)/2*5. Let q = t + 222. What is the units digit of q?
0
Let y be 11 + (1 - 2) + 1. Suppose -3*l - y = 4*p, -2*p = -4*l + 2*p + 4. Let k = l + 32. What is the tens digit of k?
3
What is the tens digit of 4/(-12) + 9616/3?
0
Let c be -4 - (3 - 5) - -6. Suppose 0 = c*m - 2*m - 4. Suppose 0 = -0*j + 4*j, 2*j = m*l - 16. What is the units digit of l?
8
Suppose -n + 12 = 2*l, 6*n - 2*n - 4*l = 0. Suppose -n*j = -5*k - 299, -4*j = -0*k + k - 305. What is the units digit of j?
6
Let s(t) be the second derivative of t**5/20 - 3*t**4/2 - 2*t**3 - 9*t**2 - 12*t. What is the tens digit of s(19)?
1
Let a(c) = -c**3 - 12*c**2 - 10*c + 9. Let w be a(-11). Let r be -3 + (-2 - (-3 + 2)). What is the tens digit of w*(-1 - (-26)/r)?
1
Let g be (4/8*-4)/(-1). Suppose 3*x - g*x - 117 = 0. Suppose -n - 2*j + 32 = -5*j, -x = -4*n + j. What is the tens digit of n?
2
Let v be (-63)/6 + (-2)/(-4). Let p be v/60 - 47/6. What is the tens digit of ((-4)/p)/((-2)/(-68))?
1
Let o(b) = -4*b - 2. Let z be o(-1). Suppose 6*y = -z - 46. What is the units digit of (58/y)/(3/(-12))?
9
Suppose -2*t - 2*z - 4 = -5*t, 5*z + 10 = t. Suppose -f = -3*s - 23, -s - 2*f - 2 = 1. Let w = t - s. What is the units digit of w?
7
Let x = 1597 + -1054. What is the tens digit of x?
4
Suppose -7*y + 173 + 324 = 0. What is the tens digit of y?
7
Suppose 2*c + 4 = 4*c - i, -3*c + 5 = -2*i. Let j(u) be the first derivative of u**4/4 + u**2/2 + u - 8. What is the units digit of j(c)?
1
Let z be 2*(6 - 2)*11/(-2). Let v = 112 + z. What is the tens digit of v?
6
Suppose -i + 20 = 3*i. Suppose 121 = i*v - 359. What is the units digit of v?
6
Suppose -2*h + x + 715 = 0, 22*x - 25*x + 1415 = 4*h. What is the hundreds digit of h?
3
Let o(i) = i**2 - 10*i - 8. Suppose -76 = -117*k + 113*k. What is the tens digit of o(k)?
6
Suppose -5*c - 746 + 2776 = 0. What is the units digit of c?
6
Let b(i) = -2*i. Let u be b(-2). Suppose 2*s - 50 = 3*v - 2*s, u*s - 60 = 4*v. Let t(d) = -d**3 - 11*d**2 - 10*d + 3. What is the units digit of t(v)?
3
Let l(x) be the third derivative of 5*x**6/12 - x**5/60 - x**4/24 + x**3/3 - 11*x**2. What is the units digit of l(1)?
0
Suppose 2*w - 89 = -67. Suppose 4*t = 179 - w. What is the tens digit of t?
4
Let n(s) = 31*s**3 + 3*s**2 - 2*s. Let u(p) = 2*p**2 + 3*p + 1. Let d be u(0). What is the units digit of n(d)?
2
Suppose -91*h - 33920 = -131*h. What is the tens digit of h?
4
Let j(f) = f**3 - 16*f**2 - 2 + 2*f - 3 + 25*f**2. What is the tens digit of j(-6)?
9
Let t = -39 - 40. Let v = t + 120. What is the tens digit of v?
4
Suppose 0 = 5*s + 9*o - 7*o - 129, o = -3. What is the units digit of s?
7
Let x(o) = 40*o**2 - 13*o + 2. Let b be x(-2). What is the units digit of (52/(-8) + 2)*b/(-3)?
2
Suppose -5 = -4*a - 1. Suppose -3*c = -a - 5. Let r(h) = 16*h. What is the tens digit of r(c)?
3
Let y(d) be the second derivative of d**5/20 + 5*d**4/6 + 2*d**3/3 - 6*d**2 - 6*d. Let t be y(-9). What is the tens digit of (t/2)/(8/16)?
3
Let f = 10931 - 7461. What is the thousands digit of f?
3
Suppose -769 = -4*s - 85. Suppose -3*f - s = -3*y, 4*y + y = -4*f + 258. What is the units digit of y?
4
Let o(p) = 5*p**3 + 6*p**2 - 6*p + 1. What is the tens digit of o(3)?
7
Let z(n) be the first derivative of n**2/2 + n - 9. Let m be z(3). Suppose 0 = -m*d - d + 90. What is the tens digit of d?
1
Suppose p - 2*p = -8. Let n(f) = -4*f**3 - 8*f**2 - f. Let v(i) = -i**3 - 1. Let s(r) = -n(r) + 5*v(r). What is the units digit of s(p)?
3
Suppose -1534 - 1146 = -5*q. What is the hundreds digit of q?
5
Let y(p) = -534*p + 146. What is the thousands digit of y(-9)?
4
Suppose 0 = 2*z + 3*z - 15, r = -2*z + 9. Let l = r - 0. Suppose 116 = l*b + b. What is the tens digit of b?
2
What is the thousands digit of (-11959)/(-3) - (-228)/(-171)?
3
Let u = 5 + -5. Suppose -p + 31 - 3 = u. What is the tens digit of (-225)/(-21) + 8/p?
1
Suppose -349 = 4*s - 1521. What is the tens digit of s?
9
Suppose 0 = -1894*u + 1887*u + 12299. What is the tens digit of u?
5
Suppose 0 = 2*s - 6*s - 3*d, 0 = -5*s + 2*d. Suppose 4*v - 316 - 100 = s. What is the tens digit of 1/((6 + -2)/v)?
2
Let x(u) = -u**3 + 9*u**2 - 9*u + 9. Let c be x(8). Let h(w) = 8 + 10 - w**3 + 7 - w**2 + c. What is the units digit of h(0)?
6
Let c(s) = 2*s**3 - 10*s**2 + 2*s - 8. Let b be c(5). Suppose b*f = f + 4*k + 108, 5*k = -20. What is the units digit of f?
2
Suppose -3*f + 4 = 2*j, 6*f - 4*f + 4 = 0. Suppose 0 = -5*q - 8 - 17, -2*l = j*q + 113. Let n = l + 66. What is the tens digit of n?
2
Let r(a) = -2*a**2 + 41*a + 41. What is the hundreds digit of r(18)?
1
Let p = 368 + 51. What is the tens digit of p?
1
Let z(k) = 7*k - 13. Let y(r) = -r**3 + 2*r**2. Let g be y(-1). Let b be z(g). What is the units digit of 16/b - (-13 - 0)?
5
Suppose 3*y + 42 = 3*n, -3*y - 9 = 5*n - 63. Let w(d) = d**2 - 10*d - 3. What is the tens digit of w(n)?
2
Let n = 25 + -85. What is the units digit of (144/n)/((-2)/25)?
0
Suppose 25*t - 16*t - 1944 = 0. What is the hundreds digit of t?
2
Suppose 2*u = 129 + 135. Suppose 2*p = g + g - u, 190 = 3*g + 5*p. What is the units digit of g?
5
Suppose -3*z + 14 = -4. Let y be ((-780)/(-14))/(z/42). Suppose 8*w - 2*w - y = 0. What is the tens digit of w?
6
Suppose 2*r = u - 3*r - 31, 0 = -2*u + 4*r + 74. What is the tens digit of -2*9/6 + u?
3
Suppose -6*w + 37*w - 71393 = 0. What is the units digit of w?
3
Let w = 31 + -22. What is the units digit of 2/3*w - 3?
3
Suppose 0*j + 5*j = j. Suppose j = -13*t + 6*t + 161. What is the tens digit of t?
2
Let a = -28 - 0. What is the tens digit of (-1310)/(-6) - a/(-21)?
1
Let t = -29 + 30. Let h = 15 - t. Suppose 0 = -4*r + 54 + h. What is the units digit of r?
7
Suppose -4*a + 3*w = -1806, -1802 = -4*a - w + 6*w. What is the units digit of a?
3
Suppose 47*q